be (8/20)/(2/m). Let z be (9/6)/(9/660). Calculate the greatest common factor of z and c.
22
Let t(s) = 4*s**2 + 7*s + 8. Let h be t(-3). Let b = 11 + -1. Let a = 13 + b. What is the highest common factor of a and h?
23
Let g be (1 + -2 + 11)*(-110)/(-25). Calculate the greatest common factor of g and 110.
22
Let j = -176 + 212. What is the highest common divisor of j and 156?
12
Suppose 14*h + 2*p = 17*h - 47, 5*p + 20 = 0. Calculate the highest common divisor of 234 and h.
13
Let v be 1*2/(-8) + (-510)/(-120). Suppose 48 = v*f - 4*d, -2*d + d + 72 = 5*f. What is the greatest common factor of 7 and f?
7
Let k = 4358 - 4286. Let w be (-4)/(-10) + (-86)/(-10). Calculate the highest common divisor of k and w.
9
Suppose 9*z - 12*z + 144 = 0. Let a(b) = 2*b**2 + 8*b + 6. Let o be a(-5). Suppose -o = -5*m + 104. Calculate the highest common divisor of m and z.
24
Let u(g) = -2*g**3 - 5*g**2 + 5*g + 4. Let i be u(-5). Calculate the greatest common factor of 8 and i.
8
Let h = -72 + 160. Let u(w) = w**3 + 12*w**2 - 3*w - 18. Let o be u(-12). Let m be 2 + o - (1 + -3). Calculate the highest common factor of m and h.
22
Let t(r) = -3*r**2 + 3*r + 324. Let h be t(0). Calculate the greatest common divisor of 36 and h.
36
Suppose 71 = -30*d + 401. Calculate the highest common factor of d and 121.
11
Suppose -52*s + 162 = -43*s. What is the highest common factor of s and 576?
18
Let n(c) = -3*c + 87. Let l be n(-23). What is the highest common factor of 507 and l?
39
Let a(w) = 11*w**2 - 5*w + 3. Let c be a(1). What is the greatest common divisor of c and 24?
3
Let k be (0 + 7*3)*102/119. What is the greatest common divisor of 48 and k?
6
Let x(a) = -2*a**3 - 4*a**2 - a + 1. Let y be x(-4). What is the greatest common factor of y and 12?
3
Suppose -17*u = -12*u - 250. Let i = u - 38. Calculate the highest common factor of 6 and i.
6
Let j(l) = 43*l**2 + 12*l + 49. Let q be j(-3). What is the greatest common factor of 50 and q?
50
Let c(l) = -43*l**2 + 45*l**2 + 2*l + 4 - 8 + 5*l. Suppose 13 = -5*g - 27. Let j be c(g). What is the highest common divisor of 102 and j?
34
Suppose -11*p + 210 = -6*p. Suppose 3*r - 43 = g, 0 = 3*r + 2*g - 21 - 19. Calculate the highest common divisor of p and r.
14
Let t(b) = -3*b**3 - 6*b**2 - 13*b - 2. Let x be t(-3). Calculate the highest common divisor of x and 112.
16
Suppose -527 = -27*f + 553. What is the greatest common divisor of 1640 and f?
40
Suppose 2*i + 68 = 2*r - 2*i, 140 = 4*r - 4*i. Let j(q) = 22*q - 130. Let p be j(10). Calculate the highest common factor of p and r.
18
Let b(z) = -z**3 + 9*z**2 - 5*z + 2. Let f be b(6). Suppose -7*r + f = -2*r. Calculate the highest common divisor of r and 16.
16
Suppose 2*f + 36 = 216. Calculate the greatest common factor of 72 and f.
18
Let c be -2 + -2*(2 - 8). Suppose -4*k + a + 124 = 0, -5*a = -3*k - 6*a + 86. What is the highest common divisor of c and k?
10
Suppose 4*y - 12*y - 464 = 0. Let n = y - -62. Suppose -39 - 1 = -2*b. Calculate the greatest common factor of b and n.
4
Let w = 36 - 67. Let z be (-1)/(-4) + w/(-4). Suppose -32 - 49 = -r + 5*b, b = -r + 51. Calculate the greatest common factor of r and z.
8
Suppose 0*q = q + 4*d - 62, 65 = q + d. Suppose -1 = -4*p + 3*p. Let r be p*-2 - (-6 - 2). What is the greatest common divisor of r and q?
6
Suppose 12*w - 22 = 50. What is the greatest common factor of 4 and w?
2
Suppose 5*s + 31 = -29. Let k = -10 - s. Suppose -3*p - 3*v = -6, -2*p = 3*p + 4*v - 9. Calculate the highest common factor of p and k.
1
Suppose 0 = 4*b + 8, 22 = l - 5*b. Let h be (-2)/l - (-65)/30. Suppose 16 = -h*i + 4*i. Calculate the greatest common divisor of 8 and i.
8
Let o = 53 + 46. Let d(r) = r**3 - 5*r**2 - 3*r - 3. Let i be d(6). Let x = i + -4. What is the greatest common factor of o and x?
11
Suppose 2*d - 201 = -3*v, 3*v + 111 = d + v. Suppose 0 = g + 4*j - 40 + 5, 4*j - 65 = -3*g. Let c = 50 - g. What is the highest common factor of c and d?
35
Let r(v) = -v + 53. Let n be r(29). What is the highest common factor of n and 66?
6
Let p be 1 - 8/(-4) - 0. Suppose p*s = -5*m + 47, 2*m - 3 = 2*s - 29. Let x = -6 + s. What is the greatest common factor of 20 and x?
4
Let c = 9 + -19. Let k(i) = i**2 + 10*i + 1. Let f be k(c). Let n be 2/(f/(-6)*-2). What is the greatest common factor of 6 and n?
6
Suppose 60 = 3*l + l. Let y be (-3)/2*(-40)/l. Suppose 24 = y*d - 32. What is the highest common factor of 2 and d?
2
Let n(x) = x**3 + 3*x**2 - 13*x - 1. Let s be n(-5). Suppose s*k - 308 = 3*k. What is the greatest common factor of 14 and k?
14
Let c = 74 + -71. Suppose 4*w + 19 = c*x - 0*w, -6 = -3*w. Calculate the highest common divisor of 90 and x.
9
Let t(p) = 2*p**2 - 26*p + 2. Let o be t(13). Suppose o*h + 1156 = 4*k, 0*h = -2*k - 4*h + 568. What is the highest common factor of k and 32?
32
Suppose -4*m + 2*d = -64, -m - 3*d + 4 + 5 = 0. Suppose 6 = r - 69. Calculate the highest common factor of m and r.
15
Suppose 0 = -19*n + 31*n - 96. What is the highest common factor of 92 and n?
4
Let i be -1 + 43 + (-6)/2. Let y be ((-24)/84)/((-2)/182). Calculate the greatest common factor of y and i.
13
Suppose 131 = 3*t + 5*y + 47, -3*t + 4*y = -57. What is the highest common factor of t and 437?
23
Let w = 20 - -16. Let i(z) be the first derivative of -z**4/4 + 2*z**3/3 + z**2 + 2*z - 5. Let l be i(-4). What is the greatest common divisor of l and w?
18
Let c = -189 - -194. What is the highest common factor of 140 and c?
5
Suppose -5*u - 42 = -312. Let o(b) = -b**2 - 16*b - 21. Let m be o(-16). Let k = m + u. What is the greatest common factor of k and 11?
11
Suppose 76 = 3*n + 16. Calculate the greatest common divisor of n and 5.
5
Let i = -3312 + 3414. What is the greatest common divisor of i and 42?
6
Let w be 34/(-459) - 143968/(-54). Calculate the highest common divisor of w and 86.
86
Let n be -2 + 1 - 142/(-2). Suppose 74 = 2*i - n. Calculate the highest common divisor of i and 9.
9
Suppose 3*i - 523 = -5*v, -30 = -i + 4*v + 116. Let l = -114 + i. What is the highest common divisor of l and 4?
4
Let x be (3*1)/((-15)/(-285)). Let c be (6/4)/(x/836). Calculate the highest common divisor of c and 242.
22
Suppose 4*t - 68 = -7*f + 4*f, -2*t - 96 = -5*f. Let r(k) = -10*k + 23*k + f - 12*k. Let w be r(0). Calculate the highest common factor of 4 and w.
4
Suppose l = -2, -3890 + 1527 = -5*n - l. Calculate the greatest common factor of n and 129.
43
Suppose 5*l + l - 1176 = 0. Suppose 3*s - l = -43. What is the greatest common factor of s and 17?
17
Let m = -1 - -5. Let s be ((-2)/m)/(4/(-48)). Suppose 3*t - z = 15, 0 = 2*t + 4*z - 26 + 2. What is the highest common divisor of s and t?
6
Suppose -9 = -q + 5*b - 5, 6 = q - 4*b. Calculate the greatest common factor of q and 77.
7
Let k be -3*(-2 + (-12)/(-9)). Suppose -f + k*f = 22. Suppose 2940 = -85*y + 19770. Calculate the highest common factor of y and f.
22
Let l be ((-3)/2 + 1)*-4. Suppose 31 - 3 = 3*f - l*x, -2*f + 17 = -x. Let t be 64/f*486/72. Calculate the greatest common divisor of 8 and t.
8
Let t be ((-234)/2)/(15/(-20)). Suppose 5*l - t = -6. Calculate the greatest common divisor of 12 and l.
6
Let s = 4148 - 2837. What is the highest common factor of s and 19?
19
Let g = -19 - -12. Let q(j) = 15*j - 15. Let s be q(g). Let o be ((-18)/(-15))/((-18)/s). What is the highest common divisor of 72 and o?
8
Let v(k) = 8*k + 1. Let p be v(4). Let d be 1/(p/(-17) - -2). Let o = 4316 + -4265. Calculate the greatest common factor of o and d.
17
Let w(p) be the first derivative of 11*p + 1/2*p**2 + 1. Let d be w(5). What is the highest common factor of 16 and d?
16
Let b(p) = -p**2 - 16*p - 26. Let c be b(-14). Let w be 4/((c/3)/1). What is the greatest common factor of 18 and w?
6
Suppose -2*f - 5*f = 7*f. Suppose -27*n + 31*n - 24 = f. Suppose -2*i + 36 = i. What is the greatest common divisor of i and n?
6
Let s be 89 - 0/4 - 6/(-3). Calculate the greatest common factor of 7 and s.
7
Let c(i) = i**3 + 5*i**2 - 9*i + 5. Let h be c(-5). What is the highest common factor of 275 and h?
25
Let n = 8 - 3. Suppose n + 1 = 3*l. What is the greatest common factor of 8 and l?
2
Let q be (-241 - 3)/(-4)*-1. Let b = q - -115. Let i = 0 - -6. What is the highest common divisor of i and b?
6
Suppose